{"id":162,"date":"2020-03-02T15:10:22","date_gmt":"2020-03-02T14:10:22","guid":{"rendered":"http:\/\/obwodnicalowicza.pl\/?page_id=162"},"modified":"2024-03-19T14:09:47","modified_gmt":"2024-03-19T13:09:47","slug":"do-pobrania","status":"publish","type":"page","link":"http:\/\/obwodnicalowicza.pl\/?page_id=162","title":{"rendered":"Do pobrania"},"content":{"rendered":"<p><a href=\"http:\/\/obwodnicalowicza.pl\/?page_id=747\">STE\u015a \u2013 1 tura spotka\u0144<\/a><\/p>\n<p><a href=\"http:\/\/obwodnicalowicza.pl\/?page_id=749\">STE\u015a \u2013 2 tura spotka\u0144<\/a><\/p>\n<p><a href=\"http:\/\/obwodnicalowicza.pl\/?page_id=847\">STE\u015a &#8211; 2 tura spotka\u0144 &#8211; aktualizacja<\/a><\/p>\n<p><a href=\"http:\/\/obwodnicalowicza.pl\/?page_id=785\">Analiza i prognoza ruchu<\/a><\/p>\n<p><a href=\"http:\/\/obwodnicalowicza.pl\/wp-content\/uploads\/2022\/07\/STES_Lowicz_prezentacja_spotkanie_2.pdf\">STES_\u0141owicz_prezentacja_spotkanie_2<\/a><\/p>\n<p><a href=\"http:\/\/obwodnicalowicza.pl\/?page_id=870\">Podsumowane dzia\u0142a\u0144 informacyjnych<\/a><\/p>\n<p><a href=\"http:\/\/obwodnicalowicza.pl\/?attachment_id=952\">Wariant preferowany<\/a><\/p>\n<p>&nbsp;<\/p>\n<section id=\"dopobrania\"><\/section>\n ","protected":false},"excerpt":{"rendered":"<p>STE\u015a \u2013 1 tura spotka\u0144 STE\u015a \u2013 2 tura spotka\u0144 STE\u015a &#8211; 2 tura spotka\u0144 &#8211; aktualizacja Analiza i prognoza ruchu STES_\u0141owicz_prezentacja_spotkanie_2 Podsumowane dzia\u0142a\u0144 informacyjnych Wariant preferowany &nbsp;<\/p>\n","protected":false},"author":1,"featured_media":0,"parent":0,"menu_order":0,"comment_status":"closed","ping_status":"closed","template":"","meta":{"ngg_post_thumbnail":0},"_links":{"self":[{"href":"http:\/\/obwodnicalowicza.pl\/index.php?rest_route=\/wp\/v2\/pages\/162"}],"collection":[{"href":"http:\/\/obwodnicalowicza.pl\/index.php?rest_route=\/wp\/v2\/pages"}],"about":[{"href":"http:\/\/obwodnicalowicza.pl\/index.php?rest_route=\/wp\/v2\/types\/page"}],"author":[{"embeddable":true,"href":"http:\/\/obwodnicalowicza.pl\/index.php?rest_route=\/wp\/v2\/users\/1"}],"replies":[{"embeddable":true,"href":"http:\/\/obwodnicalowicza.pl\/index.php?rest_route=%2Fwp%2Fv2%2Fcomments&post=162"}],"version-history":[{"count":82,"href":"http:\/\/obwodnicalowicza.pl\/index.php?rest_route=\/wp\/v2\/pages\/162\/revisions"}],"predecessor-version":[{"id":953,"href":"http:\/\/obwodnicalowicza.pl\/index.php?rest_route=\/wp\/v2\/pages\/162\/revisions\/953"}],"wp:attachment":[{"href":"http:\/\/obwodnicalowicza.pl\/index.php?rest_route=%2Fwp%2Fv2%2Fmedia&parent=162"}],"curies":[{"name":"wp","href":"https:\/\/api.w.org\/{rel}","templated":true}]}}